What is the hundreds digit of i?
1
Let h(g) = -4*g + 22. Let b(u) = 3*u - 22. Let s(a) = -3*b(a) - 2*h(a). Suppose 3*w - 3*i = 6, 3*w + 5*i = w - 10. What is the tens digit of s(w)?
2
Let l = -41 - -20. Let d = l + 3. What is the tens digit of (38/(-4))/(9/d)?
1
Let s(w) = -27*w + 19. Let a(v) = 27*v - 17. Let j(k) = -6*a(k) - 7*s(k). What is the hundreds digit of j(11)?
2
Let m = 5984 + -3825. What is the thousands digit of m?
2
Suppose 119*n + 7998 = 121*n. What is the units digit of n?
9
Suppose 0 = -5*s + 20, 0 = -3*k + 2*s - s + 3875. What is the units digit of k?
3
Let x(u) = -u**3 + 3*u**2 + 6*u - 3. Let p = -8 + 12. Let z be x(p). Suppose 0*v - 3*d = v - 25, -z*v = -5*d - 165. What is the units digit of v?
1
Let r(t) = -t**2 + 13*t - 16. Let y be r(7). What is the units digit of -3 - 4/(-2)*y?
9
Let k(t) = 8*t**2 + 2 - 15*t + 14*t + 0. Let v be k(2). Suppose -v = 2*b - 6*b. What is the units digit of b?
8
Let a = 8 - -390. Suppose 0 = g - t - 130, 2*t - 3*t = 3*g - a. What is the units digit of g?
2
Let a be (-11)/(-44) - 15/(-4). Suppose -a = -3*u - 22. What is the units digit of (u/(-12))/((-2)/(-92))?
3
Let b(i) = -25*i + 11. Let o be b(6). Let l = -82 - o. Suppose 0 = -2*j + l + 17. What is the tens digit of j?
3
Suppose -4*x - 120 = -10*x. What is the units digit of (-2260)/(-12)*24/x?
6
Let h be (-2)/(-6)*-1*3 - -2. What is the units digit of 1/h*3 - (-855)/9?
8
Let x(z) = z + 2. Let y be x(5). Suppose y*v = 222 + 72. What is the tens digit of v?
4
Suppose 18*x - 18753 = -x. What is the units digit of x?
7
Let t be (1 + 3)*3913/(-52). Let j = -59 - t. Suppose -3 = -5*v + j. What is the tens digit of v?
4
Let y(x) = 64*x + 3. Let f = -26 + 23. Let l(k) = 2*k + 7. Let o be l(f). What is the units digit of y(o)?
7
Let h(n) = -n**3 - 3*n**2 + 2*n - 5. Let a = 7 - 11. Let g be h(a). Suppose -g*u - u = -76. What is the tens digit of u?
1
Let v = -17 - -28. Let i(d) = -14 - 2*d**2 + 8*d + v*d + d**2. What is the tens digit of i(14)?
5
Suppose 0 = -2*i - 2*i + 384. Suppose -5*z + i + 59 = 0. Suppose z = 3*s - 4*f, -s - 5*f = -3*s + 23. What is the units digit of s?
9
Let g be (-214)/(-14) - (-2)/(-7). Let f(q) = 2*q**3 - 3*q**2 + 5*q - 5. Let x be f(2). Let j = g - x. What is the units digit of j?
6
Let l = -6 + -4. Let x = -7 - l. Suppose p = -x*p + 68. What is the tens digit of p?
1
Let i = 8 - 6. Suppose 0 = -i*m - 3*m. Let s(r) = -r**3 + r**2 + r + 20. What is the units digit of s(m)?
0
Suppose -2*q - 5*w = 3, 6 = -0*w - 2*w. Suppose 0 = -q*d - 2*d + 8. What is the units digit of d?
1
Let f(m) = m - 45. Let k be f(-5). Let i = -30 + -46. Let v = k - i. What is the tens digit of v?
2
Let f(a) = a**3 + 8*a**2 - 19*a - 67. What is the hundreds digit of f(-7)?
1
Suppose 3 = -4*b + 3*b. What is the tens digit of b - (-200)/(5/1)?
3
Let r(l) = 11*l**3 + 13*l**2 - 2*l - 18. Let x(f) = -16*f**3 - 19*f**2 + 2*f + 27. Let n(p) = 7*r(p) + 5*x(p). What is the units digit of n(-3)?
6
Suppose 2683 = 3*s + 4*u, 20*s - 2*u + 895 = 21*s. What is the hundreds digit of s?
8
Let o = -1699 + 3047. What is the units digit of o?
8
Suppose -103*b + 395 = -102*b. What is the hundreds digit of b?
3
Suppose 7*n - 12 = 8*n. Let g be (-1 - -4) + (-6 - n). Let u = g - -36. What is the units digit of u?
5
Suppose -4*h = -q - 7*h + 6, 3*q + h - 10 = 0. Suppose -4*a - a + 220 = 4*n, 3*n - q*a - 138 = 0. What is the tens digit of n?
5
Suppose -78 = -8*d + 5*d. Let t be 2*(-1)/((-4)/d). What is the units digit of 1*t + (-9 - -9)?
3
Let r(h) = 71*h - 11. Let p(u) = 70*u - 10. Let k(o) = 6*p(o) - 5*r(o). What is the hundreds digit of k(2)?
1
Let c = 4 - 0. Let d(i) = -i**2 + 4*i + 3. Let v be d(c). What is the units digit of -1*(-5 + 3 - v)?
5
Let x = 19 + -19. Let n(v) = 3*v**3 + v**2 - 3. Let j(g) = 7*g**3 + 2*g**2 - 6. Let a(s) = 4*j(s) - 9*n(s). What is the units digit of a(x)?
3
Suppose -14*k = 21544 - 115414. What is the hundreds digit of k?
7
What is the tens digit of (96/28)/((-1)/945*-2)?
2
Suppose c - n - 116 = 0, -5*n + 164 = 3*c - 224. Let d = 140 - c. What is the tens digit of d?
1
Let p be 8/(-3) + 2/(-6). What is the tens digit of (-169)/p + 20/(-15)?
5
Let t = -8 + 40. Suppose -4*i + 3*i = -t. Let z = i - 2. What is the units digit of z?
0
What is the units digit of 6 - 2*3/(-6) - -1120?
7
Let z = -51 - -9. Let n be 28/z - (-310)/6. Let d = n + -25. What is the tens digit of d?
2
Suppose -6*h = -h - 3*v + 12, -3*h - 5*v + 20 = 0. Suppose h = -4*m + 2*k + 798, 792 = 5*m - m + 4*k. What is the tens digit of m?
9
Suppose -90 + 18 = -4*u. Suppose 240 + u = 6*b. What is the tens digit of b?
4
Let x be (-228)/(-54) + -1 + 7/9. Let u = -1 + 1. Suppose o - x = -u*o. What is the units digit of o?
4
Suppose -24*q + 141 = 4*m - 25*q, -m + 5*q = -21. What is the units digit of m?
6
What is the units digit of (1569 - -1) + 19/(285/(-30))?
8
Let l = -5 + 5. Let n be l + (-41*3)/(-3). What is the units digit of -4*1/2 + n?
9
Let s(y) = y**2 + 20*y + 1. Suppose 4*d = r - 76, 5*d + 104 = -2*r + r. What is the units digit of s(d)?
1
Let m(p) = 4*p**2 + p. Let t be m(1). Suppose 0 = -t*j + k + 152, 16 = 3*j + 5*k - 92. What is the tens digit of j?
3
Suppose -5*f - 3*y + 30 = 0, f + 22 = 5*y - 0*y. Suppose -28 = -f*g + 68. What is the units digit of g?
2
Let x(y) = 10*y**2 - 3*y + 1. Let l be (4/(-14))/((-4)/28). Suppose 0*c + l = c. What is the units digit of x(c)?
5
Suppose 2*m - 1 = 7, 3*m = 2*r + 40. What is the units digit of (-1122)/r + (-8)/56?
0
Let y = 6 - 12. Let o be -11 - -1 - 2/(-2). What is the tens digit of 3/o + (-182)/y?
3
Let a = -732 - -898. What is the tens digit of a?
6
Let s = 727 + -148. Suppose 5*j = -0*f - 4*f + s, 2*j + f = 231. Suppose 85 = 4*c - 3*y, 0 = 5*c - 2*y - 0*y - j. What is the tens digit of c?
2
Let a(r) = 3*r**2 - r - 6. Let n(m) = 7*m**2 - m - 13. Let p(g) = -5*a(g) + 2*n(g). Let u be p(3). Suppose 57 = u*x + 5. What is the tens digit of x?
1
Suppose 0 = -5*z - 3 + 13. Suppose 3*s - z = -4*b - 9, s = 2*b + 1. What is the tens digit of 1*(-28 - -2)*s?
2
Suppose 3*l = l - 4. Let x(c) = -8*c + 2. Let t be x(l). Let s = 38 - t. What is the tens digit of s?
2
Suppose -3*w = i - 104, 3*w + 3*i - 12 - 84 = 0. Let m be 8/w - 48/(-27). Suppose -v + 3*l = 2, -l - 4*l = -m*v. What is the units digit of v?
0
Suppose 0 = -3*w + 2*p + 1104, -4*p + 752 = -7*w + 9*w. What is the hundreds digit of w?
3
Suppose 40102 + 7274 = 14*m. What is the hundreds digit of m?
3
What is the tens digit of 24/(-20) - (-96464)/20?
2
Let j(i) = -i**2 - i - 2. Let p be j(-2). Let a = p - -9. Suppose -a*h + 0*h = -325. What is the tens digit of h?
6
Suppose 6*p - 3*p = -4*f + 1293, 0 = -f - 3. What is the hundreds digit of p?
4
Suppose -v - 2*v = -2*b - 506, -508 = -3*v + b. Let r = v + -92. What is the units digit of r?
8
Suppose 3*r = -3*z + 291 - 57, 3*r = -z + 244. Let a = r - 52. Suppose -m + a = 3*l, -5*l - 36 = -3*m - 13. What is the units digit of m?
6
Suppose -2*u + u + 2*p + 2 = 0, 5*u + 3*p - 10 = 0. Suppose -6 = -3*n - 0*n. Suppose n*s - 55 = -u*d - s, 5*s + 63 = 2*d. What is the units digit of d?
9
What is the units digit of (-227 + 9/(-3))*(-52)/8?
5
Suppose 2*v - h - 7 = 55, 3*h + 96 = 3*v. Suppose v*d - 25*d - 790 = 0. What is the hundreds digit of d?
1
Suppose 2*l - 5*k - 20 = l, k + 4 = 4*l. Suppose n = -b + 50, l*b + 5*b - 260 = 5*n. What is the tens digit of b?
5
Suppose 0 = 3*c - 2*c - 53. Let p = -36 + 7. Let l = c + p. What is the units digit of l?
4
What is the tens digit of (13/(-4))/((-12)/(-11136)*-8)?
7
Let c(s) = -2*s - 2. Let b be c(-4). Suppose -w - 4*f - 10 = 0, 4*f = w + b*f. Suppose -4*o = -w - 18. What is the units digit of o?
7
Suppose -n + 27*n = 14352. What is the hundreds digit of n?
5
Let z be (283 - -4) + 12/(-4). Suppose z = 5*v - 2*u + 78, 200 = 5*v - 5*u. What is the tens digit of v?
4
Let h(t) = 2*t + 9. Let u be h(-3). Suppose u*l + 2*l + s = 238, -50 = -l + s. What is the tens digit of l?
4
Suppose -2*p = p. Let k(u) = -u**3 - 4*u**2 - 6*u + 4. Let y be k(-5). Suppose y = 4*b + 3*g, -2*g + 3 - 9 = p. What is the units digit of b?
7
Suppose i + 4*f - 30 = 0, i - 42 = -15*f + 14*f. Let z = 87 - i. What is the tens digit of z?
4
Let y(w) = 4*w**2 - 2*w. Let z(a) = a - 18. Suppose 3*j = 2*t - j - 58, 5*j = -20. Let o be z(t